{"id":138,"date":"2022-09-13T23:12:13","date_gmt":"2022-09-13T21:12:13","guid":{"rendered":"http:\/\/web.legatum.net\/?page_id=138"},"modified":"2022-09-18T23:04:33","modified_gmt":"2022-09-18T21:04:33","slug":"quienes-somos-dansk","status":"publish","type":"page","link":"https:\/\/www.legatum.net\/?page_id=138&lang=da","title":{"rendered":"Hvem er vi"},"content":{"rendered":"\n<h2 class=\"wp-block-heading\">Om os<\/h2>\n\n\n\n<p class=\"has-black-color has-text-color\">LEGATUM er en virksomhed med erfarne eksperter. Advokater og r\u00e5dgivere med baggrundsviden fra bl.a. Danmark (lov, skat m.v.) og med indg\u00e5ende kendskab til praksis og lovgivningen i Spanien, er din sikkerhed for, at du f\u00e5r den optimale r\u00e5dgivning.<\/p>\n\n\n\n<figure class=\"wp-block-image size-full\"><img loading=\"lazy\" decoding=\"async\" width=\"1280\" height=\"959\" src=\"https:\/\/www.legatum.net\/wp-content\/uploads\/2022\/09\/lady-justice.jpg\" alt=\"\" class=\"wp-image-153\"\/><\/figure>\n\n\n\n<p class=\"has-black-color has-text-color\">VI im\u00f8dekommer vore klienters behov for r\u00e5dgivning udfra f\u00f8lgende foruds\u00e6tninger:<\/p>\n\n\n\n<h3 class=\"wp-block-heading\">Personlig service<\/h3>\n\n\n\n<p class=\"has-black-color has-text-color\">Vi l\u00e6gger v\u00e6gt p\u00e5 at have et langsigtet samarbejde med vore klienter \u2013 opbygget gennem personligt kendskab og gensidig tillid.<\/p>\n\n\n\n<p class=\"has-black-color has-text-color\">Fremmedsprog (dansk, spansk og\u00a0engelsk)<\/p>\n\n\n\n<p class=\"has-black-color has-text-color\">Vore klienter har behov for brugbare resultater. \u00d8konomisk og ledelsesm\u00e6ssig r\u00e5dgivning er derfor en del af vort arbejde.<\/p>\n\n\n\n<p class=\"has-black-color has-text-color\">Vi ved, at vore klienter ofte har brug for hurtig respons og r\u00e5dgivning. Vi tilstr\u00e6ber et smidigt, uformelt og inspirerende samarbejde. Vi konkurrerer ikke p\u00e5 pris, men ser hellere at vore klienter f\u00e5r \u201dvalue for money\u201d.<\/p>\n","protected":false},"excerpt":{"rendered":"<p>Om os LEGATUM er en virksomhed med erfarne eksperter. Advokater og r\u00e5dgivere med baggrundsviden fra bl.a. Danmark (lov, skat m.v.) og med indg\u00e5ende kendskab til praksis og lovgivningen i Spanien, er din sikkerhed for, at du f\u00e5r den optimale r\u00e5dgivning. VI im\u00f8dekommer vore klienters behov for r\u00e5dgivning udfra f\u00f8lgende foruds\u00e6tninger: Personlig service Vi l\u00e6gger v\u00e6gt<\/p>\n<div><a class=\"btn-filled btn\" href=\"https:\/\/www.legatum.net\/?page_id=138&#038;lang=da\" title=\"Hvem er vi\">Leer m\u00e1s<\/a><\/div>\n","protected":false},"author":1,"featured_media":0,"parent":0,"menu_order":0,"comment_status":"closed","ping_status":"closed","template":"","meta":{"footnotes":""},"class_list":["post-138","page","type-page","status-publish","hentry"],"_links":{"self":[{"href":"https:\/\/www.legatum.net\/index.php?rest_route=\/wp\/v2\/pages\/138","targetHints":{"allow":["GET"]}}],"collection":[{"href":"https:\/\/www.legatum.net\/index.php?rest_route=\/wp\/v2\/pages"}],"about":[{"href":"https:\/\/www.legatum.net\/index.php?rest_route=\/wp\/v2\/types\/page"}],"author":[{"embeddable":true,"href":"https:\/\/www.legatum.net\/index.php?rest_route=\/wp\/v2\/users\/1"}],"replies":[{"embeddable":true,"href":"https:\/\/www.legatum.net\/index.php?rest_route=%2Fwp%2Fv2%2Fcomments&post=138"}],"version-history":[{"count":6,"href":"https:\/\/www.legatum.net\/index.php?rest_route=\/wp\/v2\/pages\/138\/revisions"}],"predecessor-version":[{"id":252,"href":"https:\/\/www.legatum.net\/index.php?rest_route=\/wp\/v2\/pages\/138\/revisions\/252"}],"wp:attachment":[{"href":"https:\/\/www.legatum.net\/index.php?rest_route=%2Fwp%2Fv2%2Fmedia&parent=138"}],"curies":[{"name":"wp","href":"https:\/\/api.w.org\/{rel}","templated":true}]}}